11001010
150a4 (base 12) to base 10
29500
-20112201020022 (base 3) to base 12
-11b8a45
-10313 (base 10) to base 3
-112010222
What is -10011000101001000010 (base 2) in base 4?
-2120221002
Convert 10232220131 (base 4) to base 8.
4565035
What is -2358825 (base 9) in base 11?
-7a4204
-8c9e5 (base 16) to base 3
-1002021002100
631132 (base 7) to base 8
323654
What is 10b50 (base 13) in base 9?
45732
What is 4286178 (base 10) in base 2?
10000010110011011100010
-1759739 (base 10) to base 9
-3271815
What is -111011001100010101000 (base 2) in base 6?
-105323424
What is -693465 (base 14) in base 11?
-2027066
What is -726c91 (base 14) in base 2?
-1110101110100000111111
Convert 10010020102 (base 3) to base 11.
42157
Convert -121120000121 (base 3) to base 14.
-86a91
4154546 (base 7) to base 11
3124a9
What is 11362ab (base 13) in base 11?
2a99060
What is -23331285 (base 9) in base 8?
-53247553
Convert 9fea1 (base 16) to base 13.
19c1a4
20010452 (base 7) to base 10
1649720
What is -56224334 (base 7) in base 16?
-4a3651
Convert -35c28b (base 14) to base 4.
-13000332103
What is b231b (base 15) in base 11?
355a94
What is -1c6833 (base 14) in base 8?
-3702075
100100011100110000 (base 2) to base 7
1161160
c14c6 (base 16) to base 7
6505211
What is 24573 (base 15) in base 6?
2252543
What is -35103433 (base 6) in base 11?
-679753
1a64901 (base 13) to base 16
851407
What is -21566642 (base 8) in base 13?
-c69a09
Convert 1027352 (base 8) to base 15.
5636e
Convert -14a514 (base 12) to base 6.
-11255224
What is -5166333 (base 7) in base 10?
-621687
What is 11001011011010001 (base 2) in base 16?
196d1
Convert -2ac06 (base 13) to base 14.
-217ca
215453 (base 7) to base 14
db9a
Convert 100100110110101101101 (base 2) to base 3.
2021100121012
Convert 4302011 (base 8) to base 9.
2138568
-612721 (base 8) to base 3
-101021100122
-3314463 (base 9) to base 13
-4a4a53
-8442195 (base 10) to base 14
-119a85d
18ce9 (base 16) to base 11
6a382
Convert -70551 (base 8) to base 11.
-1a8a4
-1000000011100000011001 (base 2) to base 7
-23643005
1a8c87 (base 14) to base 12
397833
What is -24001210 (base 5) in base 16?
-35732
What is 5a60813 (base 12) in base 6?
1424005223
What is -101000010110111001000 (base 2) in base 13?
-373c12
What is -112b7d (base 14) in base 2?
-10001110100100111011
Convert 63141 (base 9) to base 4.
22023013
What is -1200200122020 (base 3) in base 14?
-195a54
Convert 3ed07 (base 16) to base 4.
332310013
What is 208ca (base 15) in base 5?
11300430
Convert -1117351 (base 10) to base 15.
-171101
Convert -47957 (base 15) to base 16.
-37b88
What is 4330232 (base 5) in base 15?
16d12
What is 1a5b4 (base 12) in base 9?
58281
Convert 3211031 (base 9) to base 10.
1719739
Convert 2462583 (base 9) to base 2.
101000111001111011110
Convert 23320545 (base 7) to base 16.
1f5d6e
What is -a60736 (base 11) in base 7?
-20305026
What is 13d37 (base 15) in base 4?
33203233
Convert -46033b (base 12) to base 3.
-2002220122202
Convert 8013 (base 16) to base 10.
32787
Convert -7ad0 (base 14) to base 16.
-5366
What is -5067045 (base 11) in base 5?
-4243030032
What is 3c2bd (base 14) in base 13?
52912
What is -302530521 (base 7) in base 12?
-5a99553
-2000201311 (base 5) to base 16
-3bb402
331034213 (base 5) to base 6
50310004
Convert 571917 (base 10) to base 14.
10c5d3
Convert -2d26a (base 14) to base 13.
-3c577
218709 (base 12) to base 2
10000010001011111001
Convert 53325041 (base 6) to base 11.
980079
Convert -10002101010 (base 3) to base 13.
-21885
Convert -346278 (base 15) to base 14.
-491862
What is 461435 (base 9) in base 12?
11411b
-70ed82 (base 15) to base 11
-3035551
-100011110101111000 (base 2) to base 16
-23d78
-3035633 (base 7) to base 4
-1120123013
What is 12130113 (base 4) in base 9?
40173
What is 448224 (base 10) in base 11?
286837
430322022 (base 5) to base 10
1807762
Convert 5803613 (base 9) to base 16.
2fcb7a
What is 128486 (base 9) in base 14?
20805
Convert 7bcd2c (base 14) to base 11.
2424774
-b2a03 (base 16) to base 8
-2625003
92c9a8 (base 13) to base 15
47a522
360398 (base 13) to base 9
2368802
Convert 11112430 (base 5) to base 12.
48775
What is 100101000110011001000 (base 2) in base 3?
2021202121111
What is 1054031 (base 9) in base 6?
20053514
What is 18d9dc (base 15) in base 9?
2244420
Convert 1000101001000101100100100 (base 2) to base 6.
1444241204
What is 22081 (base 9) in base 11?
10011
4205251 (base 6) to base 13
71740
1222445 (base 6) to base 5
4043110
-21bb0 (base 14) to base 12
-3b47a
What is -186a94 (base 14) in base 7?
-10225044
Convert 1130222332 (base 4) to base 16.
5cabe
What is -a3d33 (base 14) in base 10?
-394985
1ada1d (base 15) to base 12
53316a
Convert -1292a80 (base 11) to base 13.
-600989
What is -2111102220 (base 4) in base 8?
-2252250
-26ece (base 15) to base 10
-124844
Convert 12000200010 (base 3) to base 9.
160603
Convert -4260884 (base 10) to base 3.
-22000110211112
-3291821 (base 10) to base 16
-323aad
Convert 76bb (base 16) to base 5.
1433040
What is -7b51a5 (base 15) in base 14?
-ad45ab
Convert 2634057 (base 9) to base 14.
296a0b
35037 (base 8) to base 6
152515
Convert 2254140 (base 7) to base 13.
9b6a6
Convert 1114535 (base 6) to base 11.
39742
Convert -434121 (base 5) to base 16.
-3a3f
Convert -235402 (base 6) to base 5.
-1130131
616664 (base 10) to base 14
120a36
Convert -1193153 (base 14) to base 15.
-b15455
Convert -1161626 (base 7) to base 14.
-3c6bd
What is 888b9 (base 16) in base 13?
167753
Convert 467351 (base 10) to base 7.
3654353
Convert -35203455 (base 6) to base 2.
-100001001111110111011
What is 103023041 (base 5) in base 3?
211022101200
What is 355a75 (base 14) in base 7?
21324005
-11000110001011011100101 (base 2) to base 6
-351104245
-1a098 (base 12) to base 4
-21103310
What is -5dd12 (base 15) in base 16?
-493a6
Convert f87d8 (base 16) to base 15.
151896
What is -15a00 (base 12) in base 2?
-111100001100000
329628 (base 12) to base 10
804416
What is -642cb (base 13) in base 10?
-180659
3167370 (base 8) to base 3
1121001200220
What is -3575595 (base 11) in base 8?
-27607435
-51405207 (base 8) to base 4
-221200222013
-1b182a2 (base 14) to base 11
-76956a9
50e93 (base 16) to base 11
206aa3
What is 100110110100111101100111 (base 2) in base 15?
d60c57
2836a (base 12) to base 6
1110214
Convert -202332210 (base 5) to base 2.
-11001001001011110111
What is 10c06f (base 16) in base 2?
100001100000001101111
3a0a0 (base 13) to base 7
626144
Convert 106554402 (base 7) to base 2.
11001000011100101110001
What is 122101121 (base 3) in base 8?
30607
-612356 (base 9) to base 16
-5886f
2431244040 (base 5) to base 10
5728020
Convert -23c39 (base 13) to base 14.
-19d93
Convert 344366 (base 7) to base 2.
1111000010011000
What is 1010010111110011110 (base 2) in base 12?
144826
-21112030030 (base 4) to base 13
-67a320
Convert -2006107 (base 9) to base 7.
-12033535
Convert 4403116 (base 8) to base 10.
1181262
What is 1614434 (base 7) in base 8?
662425
Convert -3073273 (base 8) to base 13.
-227a3b
What is -a1968 (base 15) in base 14?
-d46d6
Convert 32013122 (base 4) to base 13.
20417
What is 140142201 (base 5) in base 7?
6012130
Convert -18456a2 (base 12) to base 10.
-5069210
-300202002 (base 4) to base 10
-198786
-55a76 (base 13) to base 16
-25fb9
-52b00 (base 16) to base 5
-41314223
Convert -176894 (base 14) to base 3.
-1112220112210
What is -133378 (base 13) in base 6?
-13540541
1002013030 (base 4) to base 13
96346
Convert -5421342 (base 6) to base 15.
-5431b
What is 2111202021020 (base 3) in base 9?
2452236
Convert -819ab1 (base 13) to base 8.
-13413340
Convert 4a3565 (base 13) to base 16.
1b227d
-568a43 (base 12) to base 15
-1c5096
-547481 (base 9) to base 13
-b5ab0
What is 76569 (base 13) in base 5?
23322131
232101123 (base 4) to base 5
22031111
-12011044 (base 5) to base 8
-327105
What is -13254342 (base 7) in base 4?
-10222233222
Convert 82c2c (base 14) to base 10.
315208
2551343 (base 7) to base 8
1210123
What is 22201433 (base 6) in base 10?
669117
Convert 5340ab (base 14) to base 3.
12022001010121
101122200201 (base 3) to base 9
348621
-1446167 (base 9) to base 16
-c2ebd
Convert -1a64aba (base 12) to base 15.
-75b5e4
What is -5046235 (base 9) in base 7?
-31563533
Convert -11427805 (base 10) to base 16.
-ae5fdd
-20233031212 (base 4) to base 14